{"id":69,"date":"2023-04-16T04:46:19","date_gmt":"2023-04-16T02:46:19","guid":{"rendered":"https:\/\/anja-bever.de\/?page_id=69"},"modified":"2023-04-16T04:46:19","modified_gmt":"2023-04-16T02:46:19","slug":"workshops","status":"publish","type":"page","link":"https:\/\/anja-bever.de\/?page_id=69","title":{"rendered":"Workshops"},"content":{"rendered":"\n<div class=\"wp-block-columns is-layout-flex wp-container-core-columns-is-layout-9d6595d7 wp-block-columns-is-layout-flex\">\n<div class=\"wp-block-column is-layout-flow wp-block-column-is-layout-flow\">\n<h2 class=\"wp-block-heading\">Anjas M\u00e4rchenworkshop<\/h2>\n<\/div>\n\n\n\n<div class=\"wp-block-column is-layout-flow wp-block-column-is-layout-flow\">\n<h2 class=\"wp-block-heading\">Wie spreche ich vor Publikum?<\/h2>\n\n\n\n<p><em>Atem, Stimme, K\u00f6rperhaltung<\/em><\/p>\n<\/div>\n<\/div>\n\n\n\n<div class=\"wp-block-columns is-layout-flex wp-container-core-columns-is-layout-9d6595d7 wp-block-columns-is-layout-flex\">\n<div class=\"wp-block-column is-layout-flow wp-block-column-is-layout-flow\">\n<p>Diese Seite befindet sich derzeit im Umbau. F\u00fcr ausf\u00fchrliche Informationen zu aktuellen Workshops, schicken Sie gerne eine Email an info@anja-bever.de<\/p>\n<\/div>\n<\/div>\n","protected":false},"excerpt":{"rendered":"<p>Anjas M\u00e4rchenworkshop Wie spreche ich vor Publikum? Atem, Stimme, K\u00f6rperhaltung Diese Seite befindet sich derzeit im Umbau. F\u00fcr ausf\u00fchrliche Informationen zu aktuellen Workshops, schicken Sie gerne eine Email an info@anja-bever.de<\/p>\n","protected":false},"author":1,"featured_media":0,"parent":0,"menu_order":0,"comment_status":"closed","ping_status":"closed","template":"","meta":{"footnotes":""},"class_list":["post-69","page","type-page","status-publish","hentry"],"_links":{"self":[{"href":"https:\/\/anja-bever.de\/index.php?rest_route=\/wp\/v2\/pages\/69","targetHints":{"allow":["GET"]}}],"collection":[{"href":"https:\/\/anja-bever.de\/index.php?rest_route=\/wp\/v2\/pages"}],"about":[{"href":"https:\/\/anja-bever.de\/index.php?rest_route=\/wp\/v2\/types\/page"}],"author":[{"embeddable":true,"href":"https:\/\/anja-bever.de\/index.php?rest_route=\/wp\/v2\/users\/1"}],"replies":[{"embeddable":true,"href":"https:\/\/anja-bever.de\/index.php?rest_route=%2Fwp%2Fv2%2Fcomments&post=69"}],"version-history":[{"count":1,"href":"https:\/\/anja-bever.de\/index.php?rest_route=\/wp\/v2\/pages\/69\/revisions"}],"predecessor-version":[{"id":70,"href":"https:\/\/anja-bever.de\/index.php?rest_route=\/wp\/v2\/pages\/69\/revisions\/70"}],"wp:attachment":[{"href":"https:\/\/anja-bever.de\/index.php?rest_route=%2Fwp%2Fv2%2Fmedia&parent=69"}],"curies":[{"name":"wp","href":"https:\/\/api.w.org\/{rel}","templated":true}]}}